{"id":46811,"date":"2026-03-16T13:23:37","date_gmt":"2026-03-16T12:23:37","guid":{"rendered":"https:\/\/serverdedicato.lovenailsrivenditore.com\/?product=paese-self-glow-blush-cremoso-effetto-opaco-01-peony-kiss"},"modified":"2026-04-20T17:48:23","modified_gmt":"2026-04-20T15:48:23","slug":"paese-self-glow-blush-cremoso-effetto-opaco-01-peony-kiss","status":"publish","type":"product","link":"https:\/\/serverdedicato.lovenailsrivenditore.com\/?product=paese-self-glow-blush-cremoso-effetto-opaco-01-peony-kiss","title":{"rendered":"PAESE &#8211; SELF GLOW &#8211; BLUSH CREMOSO EFFETTO OPACO &#8211; 01 PEONY KISS"},"content":{"rendered":"<p>Scopri un blush con una formula innovativa e cremosa che offre un finale opaco. Il prodotto dona un blush naturale con la possibilit\u00e0 di aumentare gradualmente l&#8217;intensit\u00e0. Non crea striature o macchie, \u00e8 facile da sfumare e si fonde perfettamente con la pelle, enfatizzando ogni tipo di bellezza.<\/p>\n<p>La formula \u00e8 arricchita con ingredienti attivi come olio di perilla ed estratto di fiore di peonia. Il delicato profumo di peonia rende il trucco un rituale piacevole e sensuale.<\/p>\n<p>Il blush \u00e8 disponibile in un packaging nuovo e firmato che impressiona per la sua eleganza. \u00c8 un accento a forma di gioiello che appare bellissimo\u00a0 \u2013 perfetta per ritocchi rapidi durante la giornata.<\/p>\n<p>Come usare:<br \/>\nPuoi applicarlo con un pennello, una spugna o le dita per ottenere un risultato che si adatti al tuo stile<\/p>\n","protected":false},"excerpt":{"rendered":"<p>Scopri un blush con una formula innovativa e cremosa che offre un finale opaco. Il prodotto dona un blush naturale con la possibilit\u00e0 di aumentare gradualmente l&#8217;intensit\u00e0. Non crea striature o macchie, \u00e8 facile da sfumare e si fonde perfettamente con la pelle, enfatizzando ogni tipo di bellezza.<\/p>\n<p>La formula \u00e8 arricchita con ingredienti attivi come olio di perilla ed estratto di fiore di peonia. Il delicato profumo di peonia rende il trucco un rituale piacevole e sensuale.<\/p>\n","protected":false},"featured_media":46812,"comment_status":"closed","ping_status":"open","template":"","meta":[],"product_brand":[],"product_cat":[1856,2695,2697],"product_tag":[1805,2631],"class_list":{"0":"post-46811","1":"product","2":"type-product","3":"status-publish","4":"has-post-thumbnail","6":"product_cat-make-up","7":"product_cat-paese","8":"product_cat-viso-paese","9":"product_tag-blush","10":"product_tag-blush-in-crema","12":"first","13":"instock","14":"shipping-taxable","15":"purchasable","16":"product-type-simple"},"_links":{"self":[{"href":"https:\/\/serverdedicato.lovenailsrivenditore.com\/index.php?rest_route=\/wp\/v2\/product\/46811","targetHints":{"allow":["GET"]}}],"collection":[{"href":"https:\/\/serverdedicato.lovenailsrivenditore.com\/index.php?rest_route=\/wp\/v2\/product"}],"about":[{"href":"https:\/\/serverdedicato.lovenailsrivenditore.com\/index.php?rest_route=\/wp\/v2\/types\/product"}],"replies":[{"embeddable":true,"href":"https:\/\/serverdedicato.lovenailsrivenditore.com\/index.php?rest_route=%2Fwp%2Fv2%2Fcomments&post=46811"}],"wp:featuredmedia":[{"embeddable":true,"href":"https:\/\/serverdedicato.lovenailsrivenditore.com\/index.php?rest_route=\/wp\/v2\/media\/46812"}],"wp:attachment":[{"href":"https:\/\/serverdedicato.lovenailsrivenditore.com\/index.php?rest_route=%2Fwp%2Fv2%2Fmedia&parent=46811"}],"wp:term":[{"taxonomy":"product_brand","embeddable":true,"href":"https:\/\/serverdedicato.lovenailsrivenditore.com\/index.php?rest_route=%2Fwp%2Fv2%2Fproduct_brand&post=46811"},{"taxonomy":"product_cat","embeddable":true,"href":"https:\/\/serverdedicato.lovenailsrivenditore.com\/index.php?rest_route=%2Fwp%2Fv2%2Fproduct_cat&post=46811"},{"taxonomy":"product_tag","embeddable":true,"href":"https:\/\/serverdedicato.lovenailsrivenditore.com\/index.php?rest_route=%2Fwp%2Fv2%2Fproduct_tag&post=46811"}],"curies":[{"name":"wp","href":"https:\/\/api.w.org\/{rel}","templated":true}]}}