{"id":47486,"date":"2026-03-20T14:24:04","date_gmt":"2026-03-20T13:24:04","guid":{"rendered":"https:\/\/serverdedicato.lovenailsrivenditore.com\/?product=kodi-top-matt-satin-7ml"},"modified":"2026-04-20T18:01:17","modified_gmt":"2026-04-20T16:01:17","slug":"kodi-top-matt-satin-7ml","status":"publish","type":"product","link":"https:\/\/serverdedicato.lovenailsrivenditore.com\/?product=kodi-top-matt-satin-7ml","title":{"rendered":"KODI &#8211; TOP MATT SATIN &#8211; 7ml"},"content":{"rendered":"<h2>Top Coat opaco &#8220;Satin&#8221; Kodi professional<\/h2>\n<p>Il top coat Satin \u00e8 il top coat per lo smalto gel, che fornisce una finitura opaca liscia con un effetto satinato dopo la polimerizzazione. Oltre a proteggere il rivestimento dello smalto gel da vari danni, il top coat matte Satin enfatizza perfettamente la profondit\u00e0 delle tonalit\u00e0 scure e la tenerezza delle tonalit\u00e0 chiare, rendendo il design delle unghie pi\u00f9 raffinato ed elegante. Non ha uno strato di dispersione.<\/p>\n<p><strong>Top coat per lo smalto gel Satin:<\/strong><\/p>\n<ul>\n<li>fornisce una consistenza satinata pronunciata delle unghie;<\/li>\n<li>conferisce ulteriore resistenza al rivestimento;<\/li>\n<li>previene la formazione di scheggiature, crepe, graffi;<\/li>\n<li>Amplia le possibilit\u00e0 estetiche quando si eseguono diversi tipi di nail art.<\/li>\n<\/ul>\n<p>La consistenza equilibrata contribuisce a un&#8217;applicazione facile e uniforme della superficie in uno strato sottile.<\/p>\n<p>Tempo di polimerizzazione: lampada UV 36W \u2013 2 minuti, lampada LED \u2013 30-60 secondi.<\/p>\n<div class=\"wrap-hidden-text-link\">\n<div data-text=\"\u0427\u0438\u0442\u0430\u0442\u044c \u043f\u043e\u043b\u043d\u043e\u0441\u0442\u044c\u044e\"><\/div>\n<\/div>\n","protected":false},"excerpt":{"rendered":"<h2>Top Coat opaco &#8220;Satin&#8221; Kodi professional<\/h2>\n<p>Il top coat Satin \u00e8 il top coat per lo smalto gel, che fornisce una finitura opaca liscia con un effetto satinato dopo la polimerizzazione. Oltre a proteggere il rivestimento dello smalto gel da vari danni, il top coat matte Satin enfatizza perfettamente la profondit\u00e0 delle tonalit\u00e0 scure e la tenerezza delle tonalit\u00e0 chiare, rendendo il design delle unghie pi\u00f9 raffinato ed elegante. Non ha uno strato di dispersione.<\/p>\n","protected":false},"featured_media":47487,"comment_status":"closed","ping_status":"open","template":"","meta":[],"product_brand":[],"product_cat":[2667,202,2627,1509],"product_tag":[2863,1429],"class_list":{"0":"post-47486","1":"product","2":"type-product","3":"status-publish","4":"has-post-thumbnail","6":"product_cat-finish-kodi","7":"product_cat-finish","8":"product_cat-kodi","9":"product_cat-top-brand-professionali-unghie","10":"product_tag-satin","11":"product_tag-top-matte","13":"first","14":"instock","15":"shipping-taxable","16":"purchasable","17":"product-type-simple"},"_links":{"self":[{"href":"https:\/\/serverdedicato.lovenailsrivenditore.com\/index.php?rest_route=\/wp\/v2\/product\/47486","targetHints":{"allow":["GET"]}}],"collection":[{"href":"https:\/\/serverdedicato.lovenailsrivenditore.com\/index.php?rest_route=\/wp\/v2\/product"}],"about":[{"href":"https:\/\/serverdedicato.lovenailsrivenditore.com\/index.php?rest_route=\/wp\/v2\/types\/product"}],"replies":[{"embeddable":true,"href":"https:\/\/serverdedicato.lovenailsrivenditore.com\/index.php?rest_route=%2Fwp%2Fv2%2Fcomments&post=47486"}],"wp:featuredmedia":[{"embeddable":true,"href":"https:\/\/serverdedicato.lovenailsrivenditore.com\/index.php?rest_route=\/wp\/v2\/media\/47487"}],"wp:attachment":[{"href":"https:\/\/serverdedicato.lovenailsrivenditore.com\/index.php?rest_route=%2Fwp%2Fv2%2Fmedia&parent=47486"}],"wp:term":[{"taxonomy":"product_brand","embeddable":true,"href":"https:\/\/serverdedicato.lovenailsrivenditore.com\/index.php?rest_route=%2Fwp%2Fv2%2Fproduct_brand&post=47486"},{"taxonomy":"product_cat","embeddable":true,"href":"https:\/\/serverdedicato.lovenailsrivenditore.com\/index.php?rest_route=%2Fwp%2Fv2%2Fproduct_cat&post=47486"},{"taxonomy":"product_tag","embeddable":true,"href":"https:\/\/serverdedicato.lovenailsrivenditore.com\/index.php?rest_route=%2Fwp%2Fv2%2Fproduct_tag&post=47486"}],"curies":[{"name":"wp","href":"https:\/\/api.w.org\/{rel}","templated":true}]}}