{"id":47700,"date":"2026-03-21T11:57:08","date_gmt":"2026-03-21T10:57:08","guid":{"rendered":"https:\/\/serverdedicato.lovenailsrivenditore.com\/?product=valeri-gel-tips-almond-240pcs"},"modified":"2026-04-20T18:04:13","modified_gmt":"2026-04-20T16:04:13","slug":"valeri-gel-tips-almond-240pcs","status":"publish","type":"product","link":"https:\/\/serverdedicato.lovenailsrivenditore.com\/?product=valeri-gel-tips-almond-240pcs","title":{"rendered":"VALERI &#8211; GEL TIPS &#8211; ALMOND &#8211; 240pcs"},"content":{"rendered":"<p data-start=\"171\" data-end=\"299\">Le Gel Tip a forma Almond sono tip in gel soak-off progettate per realizzare ricostruzioni complete in modo semplice e veloce.<\/p>\n<p data-start=\"301\" data-end=\"573\">Grazie alla loro struttura flessibile e preformata full cover, si adattano perfettamente all\u2019unghia naturale coprendola interamente. La loro forma crea automaticamente una leggera bombatura e un elegante allungamento a mandorla, per un risultato armonioso e professionale.<\/p>\n<p data-start=\"575\" data-end=\"679\">Offrono la resistenza tipica del gel costruttore, ma con la praticit\u00e0 di rimozione di un semipermanente.<\/p>\n<p data-start=\"943\" data-end=\"1094\">Il risultato \u00e8 una manicure resistente fino a 4 settimane, con possibilit\u00e0 di effettuare refill, unendo velocit\u00e0 di esecuzione e qualit\u00e0 professionale.<\/p>\n<p data-start=\"1096\" data-end=\"1301\">\u2714 Copertura totale (full cover)<br data-start=\"1127\" data-end=\"1130\" \/>\u2714 Struttura flessibile e confortevole<br data-start=\"1167\" data-end=\"1170\" \/>\u2714 Effetto naturale con bombatura gi\u00e0 definita<br data-start=\"1215\" data-end=\"1218\" \/>\u2714 Applicazione rapida e semplificata<br data-start=\"1254\" data-end=\"1257\" \/>\u2714 Ideali per uso professionale e domestico<\/p>\n<p data-start=\"1303\" data-end=\"1331\"><strong data-start=\"1303\" data-end=\"1317\">Contenuto:<\/strong> 240 gel tip<\/p>\n","protected":false},"excerpt":{"rendered":"<p data-start=\"171\" data-end=\"299\">Le Gel Tip a forma Almond sono tip in gel soak-off progettate per realizzare ricostruzioni complete in modo semplice e veloce.<\/p>\n<p data-start=\"301\" data-end=\"573\">Grazie alla loro struttura flessibile e preformata full cover, si adattano perfettamente all\u2019unghia naturale coprendola interamente. La loro forma crea automaticamente una leggera bombatura e un elegante allungamento a mandorla, per un risultato armonioso e professionale.<\/p>\n<p data-start=\"575\" data-end=\"679\">Offrono la resistenza tipica del gel costruttore, ma con la praticit\u00e0 di rimozione di un semipermanente.<\/p>\n","protected":false},"featured_media":47701,"comment_status":"closed","ping_status":"open","template":"","meta":[],"product_brand":[],"product_cat":[177,2893],"product_tag":[3346,273,2139,829],"class_list":{"0":"post-47700","1":"product","2":"type-product","3":"status-publish","4":"has-post-thumbnail","6":"product_cat-accessori","7":"product_cat-valeri","8":"product_tag-oval","9":"product_tag-ovale","10":"product_tag-tip-in-gel","11":"product_tag-tips-gel","13":"first","14":"instock","15":"shipping-taxable","16":"purchasable","17":"product-type-simple"},"_links":{"self":[{"href":"https:\/\/serverdedicato.lovenailsrivenditore.com\/index.php?rest_route=\/wp\/v2\/product\/47700","targetHints":{"allow":["GET"]}}],"collection":[{"href":"https:\/\/serverdedicato.lovenailsrivenditore.com\/index.php?rest_route=\/wp\/v2\/product"}],"about":[{"href":"https:\/\/serverdedicato.lovenailsrivenditore.com\/index.php?rest_route=\/wp\/v2\/types\/product"}],"replies":[{"embeddable":true,"href":"https:\/\/serverdedicato.lovenailsrivenditore.com\/index.php?rest_route=%2Fwp%2Fv2%2Fcomments&post=47700"}],"wp:featuredmedia":[{"embeddable":true,"href":"https:\/\/serverdedicato.lovenailsrivenditore.com\/index.php?rest_route=\/wp\/v2\/media\/47701"}],"wp:attachment":[{"href":"https:\/\/serverdedicato.lovenailsrivenditore.com\/index.php?rest_route=%2Fwp%2Fv2%2Fmedia&parent=47700"}],"wp:term":[{"taxonomy":"product_brand","embeddable":true,"href":"https:\/\/serverdedicato.lovenailsrivenditore.com\/index.php?rest_route=%2Fwp%2Fv2%2Fproduct_brand&post=47700"},{"taxonomy":"product_cat","embeddable":true,"href":"https:\/\/serverdedicato.lovenailsrivenditore.com\/index.php?rest_route=%2Fwp%2Fv2%2Fproduct_cat&post=47700"},{"taxonomy":"product_tag","embeddable":true,"href":"https:\/\/serverdedicato.lovenailsrivenditore.com\/index.php?rest_route=%2Fwp%2Fv2%2Fproduct_tag&post=47700"}],"curies":[{"name":"wp","href":"https:\/\/api.w.org\/{rel}","templated":true}]}}