{"id":47939,"date":"2026-03-23T13:58:26","date_gmt":"2026-03-23T12:58:26","guid":{"rendered":"https:\/\/serverdedicato.lovenailsrivenditore.com\/?product=clavier-ciglia-a-ciuffetti-vshape-16mm"},"modified":"2026-04-20T18:09:13","modified_gmt":"2026-04-20T16:09:13","slug":"clavier-ciglia-a-ciuffetti-vshape-16mm","status":"publish","type":"product","link":"https:\/\/serverdedicato.lovenailsrivenditore.com\/?product=clavier-ciglia-a-ciuffetti-vshape-16mm","title":{"rendered":"CLAVIER &#8211; CIGLIA A CIUFFETTI &#8211; VSHAPE &#8211; 16mm"},"content":{"rendered":"<p><strong>Ciglia a ciuffetti effetto Kardashian<\/strong> a forma di V devono la loro immensa popolarit\u00e0 alla celebrit\u00e0 Kim Kardashian, famosa per la sua incredibile variet\u00e0 di ciglia. Il segreto di questi ciuffi sta nella loro forma insolita, descritta in Polonia e nel mondo come rondine, V, Kardashian o coda di pesce. Ogni ciuffo \u00e8 pi\u00f9 lungo agli angoli esterni e la lunghezza delle ciglia diminuisce gradualmente verso il centro del ciuffo.<\/p>\n<p>\u00c8 questa la struttura che conferisce al ciuffo il caratteristico aspetto a \u201cV\u201d.<\/p>\n<p>I ciuffi di seta Clavier sono molto piacevoli da indossare grazie alla loro leggerezza e morbidezza. I ciuffi sono stati creati con attenzione ai minimi dettagli in ogni fase della produzione, in modo da soddisfare le aspettative anche dei clienti pi\u00f9 esigenti. Offriamo i ciuffi in lunghezze di 8, 10, 12, 14 e 16 mm. Una gamma di lunghezze con una differenza di 2 mm consente di ottenere un adattamento perfetto per ogni singolo cliente. Inoltre, una minore differenza di lunghezza tra i singoli ciuffi render\u00e0 impercettibili le transizioni tra di essi e l\u2019aspetto pi\u00f9 naturale.<\/p>\n<p>I ciuffi di ciglia V Shape, un intreccio di tipo C appositamente selezionato, danno l\u2019effetto di ciglia fenomenali e arricciate senza sembrare artificiali. Secondo ricerche indipendenti, l\u2019effetto ottenuto con i ciuffi arricciati di tipo C \u00e8 il pi\u00f9 desiderato dalla maggior parte delle clienti, inoltre si adatta alla maggior parte dei tipi di bellezza e di struttura degli occhi.<\/p>\n","protected":false},"excerpt":{"rendered":"<p><strong>Ciglia a ciuffetti effetto Kim Kardashian<\/strong><\/p>\n<ul>\n<li>ricciolo C 16mm 10D<\/li>\n<li>i ciuffi di ciglia sono facili da applicare e piacevoli da indossare<\/li>\n<li>realizzati in seta naturale, sono anallergici<\/li>\n<li>i ciuffi di ciglia sono leggeri e naturali<\/li>\n<li>non danneggiano le ciglia naturali<\/li>\n<\/ul>\n","protected":false},"featured_media":47940,"comment_status":"closed","ping_status":"open","template":"","meta":[],"product_brand":[],"product_cat":[3347,3250],"product_tag":[910,911,3352],"class_list":{"0":"post-47939","1":"product","2":"type-product","3":"status-publish","4":"has-post-thumbnail","6":"product_cat-ciglia-e-accessori","7":"product_cat-clavier","8":"product_tag-ciglia","9":"product_tag-ciglia-finte","10":"product_tag-kardashian","12":"first","13":"instock","14":"shipping-taxable","15":"purchasable","16":"product-type-simple"},"_links":{"self":[{"href":"https:\/\/serverdedicato.lovenailsrivenditore.com\/index.php?rest_route=\/wp\/v2\/product\/47939","targetHints":{"allow":["GET"]}}],"collection":[{"href":"https:\/\/serverdedicato.lovenailsrivenditore.com\/index.php?rest_route=\/wp\/v2\/product"}],"about":[{"href":"https:\/\/serverdedicato.lovenailsrivenditore.com\/index.php?rest_route=\/wp\/v2\/types\/product"}],"replies":[{"embeddable":true,"href":"https:\/\/serverdedicato.lovenailsrivenditore.com\/index.php?rest_route=%2Fwp%2Fv2%2Fcomments&post=47939"}],"wp:featuredmedia":[{"embeddable":true,"href":"https:\/\/serverdedicato.lovenailsrivenditore.com\/index.php?rest_route=\/wp\/v2\/media\/47940"}],"wp:attachment":[{"href":"https:\/\/serverdedicato.lovenailsrivenditore.com\/index.php?rest_route=%2Fwp%2Fv2%2Fmedia&parent=47939"}],"wp:term":[{"taxonomy":"product_brand","embeddable":true,"href":"https:\/\/serverdedicato.lovenailsrivenditore.com\/index.php?rest_route=%2Fwp%2Fv2%2Fproduct_brand&post=47939"},{"taxonomy":"product_cat","embeddable":true,"href":"https:\/\/serverdedicato.lovenailsrivenditore.com\/index.php?rest_route=%2Fwp%2Fv2%2Fproduct_cat&post=47939"},{"taxonomy":"product_tag","embeddable":true,"href":"https:\/\/serverdedicato.lovenailsrivenditore.com\/index.php?rest_route=%2Fwp%2Fv2%2Fproduct_tag&post=47939"}],"curies":[{"name":"wp","href":"https:\/\/api.w.org\/{rel}","templated":true}]}}