{"id":48169,"date":"2026-03-28T18:08:57","date_gmt":"2026-03-28T17:08:57","guid":{"rendered":"https:\/\/serverdedicato.lovenailsrivenditore.com\/?product=clavier-set-pennelli-pro-solution-omar-turrini-6pcs"},"modified":"2026-04-20T18:14:43","modified_gmt":"2026-04-20T16:14:43","slug":"clavier-set-pennelli-pro-solution-omar-turrini-6pcs","status":"publish","type":"product","link":"https:\/\/serverdedicato.lovenailsrivenditore.com\/?product=clavier-set-pennelli-pro-solution-omar-turrini-6pcs","title":{"rendered":"CLAVIER &#8211; SET PENNELLI &#8211; PRO SOLUTION &#8211; OMAR TURRINI &#8211; 6pcs"},"content":{"rendered":"<h4 class=\"wp-block-heading\"><strong>Set di pennelli per il trucco Prosolution di altissima precisione.<\/strong><\/h4>\n<p>Scopri quanto puoi esprimere con il trucco.<\/p>\n<p>Il set di pennelli da trucco Prosolution CLAVIER x OMAR TURRINI \u00e8 l\u2019essenza della precisione, dell\u2019estetica e della creativit\u00e0, ideato per i truccatori che vogliono creare non solo trucchi, ma vere e proprie opere d\u2019arte.<\/p>\n<p>Ogni pennello di questa collezione \u00e8 uno strumento di espressione artistica, dalle linee delicate e sottili alle forme audaci e grafiche. Grazie alle forme perfettamente selezionate e alle setole sintetiche morbide ed elastiche, i pennelli Prosolution garantiscono un controllo assoluto su ogni movimento e una precisione di applicazione senza pari.<\/p>\n<h3 class=\"wp-block-heading\">Il set contiene:<\/h3>\n<ul class=\"wp-block-list\">\n<li>105F \u2013 pennello piatto per definire \u2013 Ideale per contornare con precisione ed evidenziare i dettagli. Indispensabile per linee pulite e sottili e forme perfettamente delineate.<\/li>\n<li>104F \u2013 pennello Artist Liner \u2013 Creato per lavori creativi, forme grafiche e trucchi artistici. Un ibrido tra un pennello per il trucco e uno strumento per dipingere, ideale per forme geometriche.<\/li>\n<li>103F \u2013 pennello con punta precisa \u2013 Indispensabile per l\u2019applicazione di eyeliner e per il trucco che richiede la massima precisione. La punta smussata consente di creare linee sottili con estrema facilit\u00e0.<\/li>\n<li>102F \u2013 pennello morbido obliquo \u2013 Ottimo per sfumare gli ombretti e ottenere morbide transizioni di colore. Progettato per effetti nitidi e definiti e forme fortemente grafiche.<\/li>\n<li>101F \u2013 pennello obliquo di media durezza \u2013 Universale \u2013 per ombretti, correttori e prodotti in crema. Perfetto per linee pulite e precise e per una styling impeccabile delle sopracciglia.<\/li>\n<li>100F \u2013 pennello micro obliquo \u2013 Perfetto per modellare le sopracciglia e creare linee sottili. Massima precisione e controllo nella creazione di dettagli raffinati e complessi.<\/li>\n<\/ul>\n<h3 class=\"wp-block-heading\">Eleganza in ogni dettaglio:<\/h3>\n<p>Ogni pennello \u00e8 stato progettato per un uso professionale e i loro manici ben bilanciati garantiscono comfort e stabilit\u00e0 anche durante le sessioni pi\u00f9 impegnative.<\/p>\n<p>Il set Prosolution \u00e8 confezionato in un\u2019elegante scatola di design che stupisce gi\u00e0 al primo sguardo. Non \u00e8 solo una confezione pratica, ma anche una bella forma di presentazione dei tuoi strumenti di lavoro, ideale come regalo per una truccatrice o una stilista di make-up.<\/p>\n<p>Il set di pennelli di precisione PROSOLUTION \u00e8 una collezione di pennelli creata per i professionisti, che unisce la passione per la creativit\u00e0 alla ricerca della perfezione.<\/p>\n","protected":false},"excerpt":{"rendered":"<p><strong>Il set contiene :<\/strong><\/p>\n<ul>\n<li>105F \u2013 pennello piatto per definire<\/li>\n<li>104F \u2013 pennello Artist Liner<\/li>\n<li>103F \u2013 pennello con punta precisa<\/li>\n<li>102F \u2013 pennello morbido obliquo<\/li>\n<li>101F \u2013 pennello obliquo di media durezza<\/li>\n<li>100F \u2013 pennello micro obliquo<\/li>\n<\/ul>\n","protected":false},"featured_media":48170,"comment_status":"closed","ping_status":"open","template":"","meta":[],"product_brand":[],"product_cat":[3250,3359],"product_tag":[3361,3360,3296],"class_list":{"0":"post-48169","1":"product","2":"type-product","3":"status-publish","4":"has-post-thumbnail","6":"product_cat-clavier","7":"product_cat-pennelli-make-up","8":"product_tag-omar-turrini","9":"product_tag-pennelli-professionali","10":"product_tag-pennello-make-up","12":"first","13":"instock","14":"purchasable","15":"product-type-simple"},"_links":{"self":[{"href":"https:\/\/serverdedicato.lovenailsrivenditore.com\/index.php?rest_route=\/wp\/v2\/product\/48169","targetHints":{"allow":["GET"]}}],"collection":[{"href":"https:\/\/serverdedicato.lovenailsrivenditore.com\/index.php?rest_route=\/wp\/v2\/product"}],"about":[{"href":"https:\/\/serverdedicato.lovenailsrivenditore.com\/index.php?rest_route=\/wp\/v2\/types\/product"}],"replies":[{"embeddable":true,"href":"https:\/\/serverdedicato.lovenailsrivenditore.com\/index.php?rest_route=%2Fwp%2Fv2%2Fcomments&post=48169"}],"wp:featuredmedia":[{"embeddable":true,"href":"https:\/\/serverdedicato.lovenailsrivenditore.com\/index.php?rest_route=\/wp\/v2\/media\/48170"}],"wp:attachment":[{"href":"https:\/\/serverdedicato.lovenailsrivenditore.com\/index.php?rest_route=%2Fwp%2Fv2%2Fmedia&parent=48169"}],"wp:term":[{"taxonomy":"product_brand","embeddable":true,"href":"https:\/\/serverdedicato.lovenailsrivenditore.com\/index.php?rest_route=%2Fwp%2Fv2%2Fproduct_brand&post=48169"},{"taxonomy":"product_cat","embeddable":true,"href":"https:\/\/serverdedicato.lovenailsrivenditore.com\/index.php?rest_route=%2Fwp%2Fv2%2Fproduct_cat&post=48169"},{"taxonomy":"product_tag","embeddable":true,"href":"https:\/\/serverdedicato.lovenailsrivenditore.com\/index.php?rest_route=%2Fwp%2Fv2%2Fproduct_tag&post=48169"}],"curies":[{"name":"wp","href":"https:\/\/api.w.org\/{rel}","templated":true}]}}