{"id":48289,"date":"2026-03-28T18:08:57","date_gmt":"2026-03-28T17:08:57","guid":{"rendered":"https:\/\/serverdedicato.lovenailsrivenditore.com\/?product=clavier-pennello-per-eyeliner-pro-5f-omar-turrini"},"modified":"2026-04-20T18:17:35","modified_gmt":"2026-04-20T16:17:35","slug":"clavier-pennello-per-eyeliner-pro-5f-omar-turrini","status":"publish","type":"product","link":"https:\/\/serverdedicato.lovenailsrivenditore.com\/?product=clavier-pennello-per-eyeliner-pro-5f-omar-turrini","title":{"rendered":"CLAVIER &#8211; PENNELLO PER EYELINER &#8211; PRO 5F &#8211; OMAR TURRINI"},"content":{"rendered":"<p>Il pennello per eyeliner e sopracciglia della collezione Clavier PROSOLUTION \u00e8 uno strumento versatile per ogni make-up artist che apprezza la precisione e la versatilit\u00e0. Grazie alle sue setole sintetiche e resistenti, \u00e8 ideale per creare linee perfette, dalle classiche \u201crondini\u201d all\u2019evidenziazione precisa delle sopracciglia. Sar\u00e0 perfetto anche per le tecniche che richiedono precisione, come il taglio del correttore. Questo pennello versatile permette di creare in piena libert\u00e0 una variet\u00e0 di linee, da sottili a grafiche.<\/p>\n","protected":false},"excerpt":{"rendered":"<ul>\n<li>Clavier PROSOLUTION 5F pennello eyeliner collezione, sopracciglia smussate.<\/li>\n<li>Ideale per creare linee perfette e per evidenziare le sopracciglia.<\/li>\n<li>Realizzato con setole sintetiche di alta qualit\u00e0 inserite in un cappuccio nero<\/li>\n<li>Manico perfettamente sagomato<\/li>\n<\/ul>\n","protected":false},"featured_media":48290,"comment_status":"closed","ping_status":"open","template":"","meta":[],"product_brand":[],"product_cat":[3250,3359],"product_tag":[3297,3296],"class_list":{"0":"post-48289","1":"product","2":"type-product","3":"status-publish","4":"has-post-thumbnail","6":"product_cat-clavier","7":"product_cat-pennelli-make-up","8":"product_tag-pennello-eyeliner","9":"product_tag-pennello-make-up","11":"first","12":"instock","13":"purchasable","14":"product-type-simple"},"_links":{"self":[{"href":"https:\/\/serverdedicato.lovenailsrivenditore.com\/index.php?rest_route=\/wp\/v2\/product\/48289","targetHints":{"allow":["GET"]}}],"collection":[{"href":"https:\/\/serverdedicato.lovenailsrivenditore.com\/index.php?rest_route=\/wp\/v2\/product"}],"about":[{"href":"https:\/\/serverdedicato.lovenailsrivenditore.com\/index.php?rest_route=\/wp\/v2\/types\/product"}],"replies":[{"embeddable":true,"href":"https:\/\/serverdedicato.lovenailsrivenditore.com\/index.php?rest_route=%2Fwp%2Fv2%2Fcomments&post=48289"}],"wp:featuredmedia":[{"embeddable":true,"href":"https:\/\/serverdedicato.lovenailsrivenditore.com\/index.php?rest_route=\/wp\/v2\/media\/48290"}],"wp:attachment":[{"href":"https:\/\/serverdedicato.lovenailsrivenditore.com\/index.php?rest_route=%2Fwp%2Fv2%2Fmedia&parent=48289"}],"wp:term":[{"taxonomy":"product_brand","embeddable":true,"href":"https:\/\/serverdedicato.lovenailsrivenditore.com\/index.php?rest_route=%2Fwp%2Fv2%2Fproduct_brand&post=48289"},{"taxonomy":"product_cat","embeddable":true,"href":"https:\/\/serverdedicato.lovenailsrivenditore.com\/index.php?rest_route=%2Fwp%2Fv2%2Fproduct_cat&post=48289"},{"taxonomy":"product_tag","embeddable":true,"href":"https:\/\/serverdedicato.lovenailsrivenditore.com\/index.php?rest_route=%2Fwp%2Fv2%2Fproduct_tag&post=48289"}],"curies":[{"name":"wp","href":"https:\/\/api.w.org\/{rel}","templated":true}]}}