{"id":48377,"date":"2026-03-30T15:27:15","date_gmt":"2026-03-30T13:27:15","guid":{"rendered":"https:\/\/serverdedicato.lovenailsrivenditore.com\/?product=clavier-pennello-leggcellent-80-nq"},"modified":"2026-04-20T18:19:31","modified_gmt":"2026-04-20T16:19:31","slug":"clavier-pennello-leggcellent-80-nq","status":"publish","type":"product","link":"https:\/\/serverdedicato.lovenailsrivenditore.com\/?product=clavier-pennello-leggcellent-80-nq","title":{"rendered":"CLAVIER &#8211; PENNELLO L&#8217;EGGcellent &#8211; 80 NQ"},"content":{"rendered":"<p>L\u2019EGGcellent (80NQ) della collezione Clavier Nature&amp;More II \u00e8 una goccia geniale per i compiti speciali! Grazie alla sua esclusiva forma ovale, far\u00e0 s\u00ec ,che l\u2019illuminante venga applicato in modo estremamente preciso ma anche molto morbido, senza linee evidenti. Inoltre, grazie all\u2019utilizzo di setole sintetiche di scoiattolo e naturali di capra, le stesse, rilasciano gradualmente il prodotto, in modo da distribuire il cosmetico con facilit\u00e0 e senza macchie.<\/p>\n<p>Uso principale: per l\u2019illuminante (PS Ricordate che un pennello pu\u00f2 avere tutte le funzioni che vi vengono in mente!)<\/p>\n","protected":false},"excerpt":{"rendered":"<div class=\"woocommerce-product-details__short-description\">\n<p>L\u2019EGGcellent (80NQ) della collezione Clavier Nature&amp;More II \u00e8 una goccia geniale per i compiti speciali! Grazie alla sua esclusiva forma ovale, far\u00e0 s\u00ec ,che l\u2019illuminante venga applicato in modo estremamente preciso ma anche molto morbido, senza linee evidenti.<\/p>\n<\/div>\n","protected":false},"featured_media":48378,"comment_status":"closed","ping_status":"open","template":"","meta":[],"product_brand":[],"product_cat":[3250,3359],"product_tag":[3371,3296,3372],"class_list":{"0":"post-48377","1":"product","2":"type-product","3":"status-publish","4":"has-post-thumbnail","6":"product_cat-clavier","7":"product_cat-pennelli-make-up","8":"product_tag-pennello-clavier","9":"product_tag-pennello-make-up","10":"product_tag-pennello-trucco","12":"first","13":"instock","14":"purchasable","15":"product-type-simple"},"_links":{"self":[{"href":"https:\/\/serverdedicato.lovenailsrivenditore.com\/index.php?rest_route=\/wp\/v2\/product\/48377","targetHints":{"allow":["GET"]}}],"collection":[{"href":"https:\/\/serverdedicato.lovenailsrivenditore.com\/index.php?rest_route=\/wp\/v2\/product"}],"about":[{"href":"https:\/\/serverdedicato.lovenailsrivenditore.com\/index.php?rest_route=\/wp\/v2\/types\/product"}],"replies":[{"embeddable":true,"href":"https:\/\/serverdedicato.lovenailsrivenditore.com\/index.php?rest_route=%2Fwp%2Fv2%2Fcomments&post=48377"}],"wp:featuredmedia":[{"embeddable":true,"href":"https:\/\/serverdedicato.lovenailsrivenditore.com\/index.php?rest_route=\/wp\/v2\/media\/48378"}],"wp:attachment":[{"href":"https:\/\/serverdedicato.lovenailsrivenditore.com\/index.php?rest_route=%2Fwp%2Fv2%2Fmedia&parent=48377"}],"wp:term":[{"taxonomy":"product_brand","embeddable":true,"href":"https:\/\/serverdedicato.lovenailsrivenditore.com\/index.php?rest_route=%2Fwp%2Fv2%2Fproduct_brand&post=48377"},{"taxonomy":"product_cat","embeddable":true,"href":"https:\/\/serverdedicato.lovenailsrivenditore.com\/index.php?rest_route=%2Fwp%2Fv2%2Fproduct_cat&post=48377"},{"taxonomy":"product_tag","embeddable":true,"href":"https:\/\/serverdedicato.lovenailsrivenditore.com\/index.php?rest_route=%2Fwp%2Fv2%2Fproduct_tag&post=48377"}],"curies":[{"name":"wp","href":"https:\/\/api.w.org\/{rel}","templated":true}]}}