{"id":48461,"date":"2026-03-30T15:27:15","date_gmt":"2026-03-30T13:27:15","guid":{"rendered":"https:\/\/serverdedicato.lovenailsrivenditore.com\/?product=clavier-pennello-mister-smudger-240n"},"modified":"2026-04-20T18:21:11","modified_gmt":"2026-04-20T16:21:11","slug":"clavier-pennello-mister-smudger-240n","status":"publish","type":"product","link":"https:\/\/serverdedicato.lovenailsrivenditore.com\/?product=clavier-pennello-mister-smudger-240n","title":{"rendered":"CLAVIER &#8211; PENNELLO MISTER SMUDGER &#8211; 240N"},"content":{"rendered":"<p>Saper fondere i colori \u00e8 importante quanto il famoso blending, e con il pennello \u201cMister Smudger\u201d e grazie alla sua testina dalla giusta grandezza,\u00e8 possibile realizzare delle bellissime transizioni tra gli ombretti sulle palpebre inferiori e superiori.<\/p>\n<p>Con la sua versione pi\u00f9 piccola \u201cBaby Smudger\u201d 230N \u00e8 possibile ottenere lo stesso effetto di una morbida transizione tra i colori ma con pi\u00f9 precisione grazie proprio alla sua testina pi\u00f9 piccola.<\/p>\n","protected":false},"excerpt":{"rendered":"<div class=\"woocommerce-product-details__short-description\">\n<p>Saper fondere i colori \u00e8 importante quanto il famoso blending, e con il pennello \u201cMister Smudger\u201d e grazie alla sua testina dalla giusta grandezza,\u00e8 possibile realizzare delle bellissime transizioni tra gli ombretti sulle palpebre inferiori e superiori.<\/p>\n<\/div>\n","protected":false},"featured_media":48462,"comment_status":"closed","ping_status":"open","template":"","meta":[],"product_brand":[],"product_cat":[3250,3359],"product_tag":[3371,3296,3372],"class_list":{"0":"post-48461","1":"product","2":"type-product","3":"status-publish","4":"has-post-thumbnail","6":"product_cat-clavier","7":"product_cat-pennelli-make-up","8":"product_tag-pennello-clavier","9":"product_tag-pennello-make-up","10":"product_tag-pennello-trucco","12":"first","13":"instock","14":"purchasable","15":"product-type-simple"},"_links":{"self":[{"href":"https:\/\/serverdedicato.lovenailsrivenditore.com\/index.php?rest_route=\/wp\/v2\/product\/48461","targetHints":{"allow":["GET"]}}],"collection":[{"href":"https:\/\/serverdedicato.lovenailsrivenditore.com\/index.php?rest_route=\/wp\/v2\/product"}],"about":[{"href":"https:\/\/serverdedicato.lovenailsrivenditore.com\/index.php?rest_route=\/wp\/v2\/types\/product"}],"replies":[{"embeddable":true,"href":"https:\/\/serverdedicato.lovenailsrivenditore.com\/index.php?rest_route=%2Fwp%2Fv2%2Fcomments&post=48461"}],"wp:featuredmedia":[{"embeddable":true,"href":"https:\/\/serverdedicato.lovenailsrivenditore.com\/index.php?rest_route=\/wp\/v2\/media\/48462"}],"wp:attachment":[{"href":"https:\/\/serverdedicato.lovenailsrivenditore.com\/index.php?rest_route=%2Fwp%2Fv2%2Fmedia&parent=48461"}],"wp:term":[{"taxonomy":"product_brand","embeddable":true,"href":"https:\/\/serverdedicato.lovenailsrivenditore.com\/index.php?rest_route=%2Fwp%2Fv2%2Fproduct_brand&post=48461"},{"taxonomy":"product_cat","embeddable":true,"href":"https:\/\/serverdedicato.lovenailsrivenditore.com\/index.php?rest_route=%2Fwp%2Fv2%2Fproduct_cat&post=48461"},{"taxonomy":"product_tag","embeddable":true,"href":"https:\/\/serverdedicato.lovenailsrivenditore.com\/index.php?rest_route=%2Fwp%2Fv2%2Fproduct_tag&post=48461"}],"curies":[{"name":"wp","href":"https:\/\/api.w.org\/{rel}","templated":true}]}}