{"id":48510,"date":"2026-03-30T15:27:15","date_gmt":"2026-03-30T13:27:15","guid":{"rendered":"https:\/\/serverdedicato.lovenailsrivenditore.com\/?product=clavier-pennello-nature-more-liquid-creamy"},"modified":"2026-04-20T18:22:19","modified_gmt":"2026-04-20T16:22:19","slug":"clavier-pennello-nature-more-liquid-creamy","status":"publish","type":"product","link":"https:\/\/serverdedicato.lovenailsrivenditore.com\/?product=clavier-pennello-nature-more-liquid-creamy","title":{"rendered":"CLAVIER &#8211; PENNELLO NATURE MORE LIQUID &#038; CREAMY"},"content":{"rendered":"<p>Il pennello\u00a0 per applicazione bagnata, \u00e8 un elegante pennello della collezione Nature &amp; More realizzato con setole sintetiche dense e morbide. Grazie alle sue setole corte, \u00e8 ideale per applicare prodotti liquidi e in crema, distribuendoli in modo uniforme e senza striature. Sfuma delicatamente e piacevolmente il prodotto sulla pelle, senza striature o increspature.<\/p>\n<p>Il pennello ha un manico dorato, la cui forma si adatta perfettamente alla mano e crea un design di grande effetto. \u00c8 il pennello ideale per il trucco del corpo e del d\u00e9collet\u00e9. Vi regaler\u00e0 l\u2019effetto glow che sognavate!<\/p>\n","protected":false},"excerpt":{"rendered":"<div class=\"woocommerce-product-details__short-description\">\n<p>\u2013 pennello professionale \u2013 in setole sintetiche dense e morbide \u2013 ideale per il trucco del corpo e del d\u00e9collet\u00e9 \u2013 delicato sulla pelle<\/p>\n<\/div>\n","protected":false},"featured_media":48511,"comment_status":"closed","ping_status":"open","template":"","meta":[],"product_brand":[],"product_cat":[3250,3359],"product_tag":[2656,3371,3377,3296],"class_list":{"0":"post-48510","1":"product","2":"type-product","3":"status-publish","4":"has-post-thumbnail","6":"product_cat-clavier","7":"product_cat-pennelli-make-up","8":"product_tag-highlighter","9":"product_tag-pennello-clavier","10":"product_tag-pennello-grande","11":"product_tag-pennello-make-up","13":"first","14":"instock","15":"purchasable","16":"product-type-simple"},"_links":{"self":[{"href":"https:\/\/serverdedicato.lovenailsrivenditore.com\/index.php?rest_route=\/wp\/v2\/product\/48510","targetHints":{"allow":["GET"]}}],"collection":[{"href":"https:\/\/serverdedicato.lovenailsrivenditore.com\/index.php?rest_route=\/wp\/v2\/product"}],"about":[{"href":"https:\/\/serverdedicato.lovenailsrivenditore.com\/index.php?rest_route=\/wp\/v2\/types\/product"}],"replies":[{"embeddable":true,"href":"https:\/\/serverdedicato.lovenailsrivenditore.com\/index.php?rest_route=%2Fwp%2Fv2%2Fcomments&post=48510"}],"wp:featuredmedia":[{"embeddable":true,"href":"https:\/\/serverdedicato.lovenailsrivenditore.com\/index.php?rest_route=\/wp\/v2\/media\/48511"}],"wp:attachment":[{"href":"https:\/\/serverdedicato.lovenailsrivenditore.com\/index.php?rest_route=%2Fwp%2Fv2%2Fmedia&parent=48510"}],"wp:term":[{"taxonomy":"product_brand","embeddable":true,"href":"https:\/\/serverdedicato.lovenailsrivenditore.com\/index.php?rest_route=%2Fwp%2Fv2%2Fproduct_brand&post=48510"},{"taxonomy":"product_cat","embeddable":true,"href":"https:\/\/serverdedicato.lovenailsrivenditore.com\/index.php?rest_route=%2Fwp%2Fv2%2Fproduct_cat&post=48510"},{"taxonomy":"product_tag","embeddable":true,"href":"https:\/\/serverdedicato.lovenailsrivenditore.com\/index.php?rest_route=%2Fwp%2Fv2%2Fproduct_tag&post=48510"}],"curies":[{"name":"wp","href":"https:\/\/api.w.org\/{rel}","templated":true}]}}