{"id":48517,"date":"2026-03-30T15:27:15","date_gmt":"2026-03-30T13:27:15","guid":{"rendered":"https:\/\/serverdedicato.lovenailsrivenditore.com\/?product=clavier-pennello-nature-more-pressed-powder"},"modified":"2026-04-20T18:22:27","modified_gmt":"2026-04-20T16:22:27","slug":"clavier-pennello-nature-more-pressed-powder","status":"publish","type":"product","link":"https:\/\/serverdedicato.lovenailsrivenditore.com\/?product=clavier-pennello-nature-more-pressed-powder","title":{"rendered":"CLAVIER &#8211; PENNELLO NATURE MORE PRESSED &#038; POWDER"},"content":{"rendered":"<p>Il pennello per applicazione a secco, \u00e8 un elegante pennello della collezione Nature &amp; More realizzato con setole sintetiche dense e morbide. Grazie alle sue setole lunghe e morbide, \u00e8 ideale per l\u2019applicazione di prodotti sfusi e pressati. Lattice delicatamente e piacevolmente il prodotto sulla pelle, senza striature o macchie.<\/p>\n<p>Il pennello ha un manico dorato, la cui forma si adatta perfettamente alla mano e crea un design di grande effetto. \u00c8 il pennello ideale per il trucco del corpo e del d\u00e9collet\u00e9. Vi regaler\u00e0 l\u2019effetto glow che sognavate!<\/p>\n","protected":false},"excerpt":{"rendered":"<div class=\"woocommerce-product-details__short-description\">\n<p>\u2013 pennello professionale \u2013 in setole sintetiche dense e morbide \u2013 ideale per il trucco del corpo e del d\u00e9collet\u00e9 \u2013 delicato sulla pelle<\/p>\n<\/div>\n","protected":false},"featured_media":48518,"comment_status":"closed","ping_status":"open","template":"","meta":[],"product_brand":[],"product_cat":[3250,3359],"product_tag":[2656,245,3372],"class_list":{"0":"post-48517","1":"product","2":"type-product","3":"status-publish","4":"has-post-thumbnail","6":"product_cat-clavier","7":"product_cat-pennelli-make-up","8":"product_tag-highlighter","9":"product_tag-pennello","10":"product_tag-pennello-trucco","12":"first","13":"instock","14":"purchasable","15":"product-type-simple"},"_links":{"self":[{"href":"https:\/\/serverdedicato.lovenailsrivenditore.com\/index.php?rest_route=\/wp\/v2\/product\/48517","targetHints":{"allow":["GET"]}}],"collection":[{"href":"https:\/\/serverdedicato.lovenailsrivenditore.com\/index.php?rest_route=\/wp\/v2\/product"}],"about":[{"href":"https:\/\/serverdedicato.lovenailsrivenditore.com\/index.php?rest_route=\/wp\/v2\/types\/product"}],"replies":[{"embeddable":true,"href":"https:\/\/serverdedicato.lovenailsrivenditore.com\/index.php?rest_route=%2Fwp%2Fv2%2Fcomments&post=48517"}],"wp:featuredmedia":[{"embeddable":true,"href":"https:\/\/serverdedicato.lovenailsrivenditore.com\/index.php?rest_route=\/wp\/v2\/media\/48518"}],"wp:attachment":[{"href":"https:\/\/serverdedicato.lovenailsrivenditore.com\/index.php?rest_route=%2Fwp%2Fv2%2Fmedia&parent=48517"}],"wp:term":[{"taxonomy":"product_brand","embeddable":true,"href":"https:\/\/serverdedicato.lovenailsrivenditore.com\/index.php?rest_route=%2Fwp%2Fv2%2Fproduct_brand&post=48517"},{"taxonomy":"product_cat","embeddable":true,"href":"https:\/\/serverdedicato.lovenailsrivenditore.com\/index.php?rest_route=%2Fwp%2Fv2%2Fproduct_cat&post=48517"},{"taxonomy":"product_tag","embeddable":true,"href":"https:\/\/serverdedicato.lovenailsrivenditore.com\/index.php?rest_route=%2Fwp%2Fv2%2Fproduct_tag&post=48517"}],"curies":[{"name":"wp","href":"https:\/\/api.w.org\/{rel}","templated":true}]}}