{"id":48654,"date":"2026-03-30T15:27:15","date_gmt":"2026-03-30T13:27:15","guid":{"rendered":"https:\/\/serverdedicato.lovenailsrivenditore.com\/?product=clavier-poggia-mano-bianco"},"modified":"2026-04-20T18:25:39","modified_gmt":"2026-04-20T16:25:39","slug":"clavier-poggia-mano-bianco","status":"publish","type":"product","link":"https:\/\/serverdedicato.lovenailsrivenditore.com\/?product=clavier-poggia-mano-bianco","title":{"rendered":"CLAVIER &#8211; POGGIA MANO &#8211; BIANCO"},"content":{"rendered":"<h2 class=\"wp-block-heading\">Manicure Rest \u2013 Stabilit\u00e0 e comfort al massimo livello!<\/h2>\n<p>Il supporto per manicure consente di stabilizzare e posizionare comodamente le mani o i piedi. \u00c8 particolarmente utile per mantenere la mano nella posizione corretta quando si dipingono le unghie, si applica lo smalto, si decorano o si rifanno le cuticole.<\/p>\n<p>Il supporto aiuta a mantenere la mano in una posizione confortevole, quasi fisiologica, senza affaticare i polsi.<\/p>\n<h2 class=\"wp-block-heading\">Poggia manicure pratico ed elegante \u2013 Per il vostro comfort e la vostra eleganza<\/h2>\n<p>Un supporto per manicure non \u00e8 solo un comodo accessorio, ma un vero e proprio must-have nel lavoro professionale di un nail stylist. Fa sentire ogni cliente speciale e permette all\u2019estetista di concentrarsi sulla precisione e sui dettagli, che sono la chiave per creare disegni perfetti.<\/p>\n<p><strong>Vantaggi dell\u2019utilizzo di un supporto per manicure:<\/strong><\/p>\n<p><strong>COMODO<\/strong>\u00a0\u2013 Grazie al supporto, le mani si trovano nella posizione perfetta, rendendo la pittura delle unghie estremamente facile e divertente. Niente pi\u00f9 mani tremolanti o carenze: ora tutto \u00e8 al top!<br \/>\n<strong>LOOK PROFESSIONALE<\/strong>\u00a0\u2013 Immaginate di trasformare il vostro setup per manicure in modo che tutti coloro che lo vedranno rimarranno scioccati. Non solo lo stand ha un aspetto elegante, ma d\u00e0 anche l\u2019impressione che sappiate cosa state facendo. I clienti lo adorano!<br \/>\n<strong>L\u2019ORIENTAMENTO\u00a0<\/strong>\u2013 Il cavalletto \u00e8 un vero e proprio gioco di prestigio. Realizzato in ecopelle, \u00e8 facile da pulire, cos\u00ec sarete sempre sicuri che il vostro spazio di lavoro sia fresco e pronto per la prossima manicure.<\/p>\n<p>Dimensioni del supporto per manicure:<\/p>\n<p>lunghezza: 40 cm<\/p>\n<p>larghezza: 15 cm<\/p>\n<p>altezza: 12 cm<\/p>\n","protected":false},"excerpt":{"rendered":"<ul>\n<li>supporto per manicure in ecopelle, rosa<\/li>\n<li>dimensioni del supporto 40\/15\/12 cm<\/li>\n<li>supporto su gambe stabili e dorate<\/li>\n<li>garantisce stabilit\u00e0 e migliora il comfort di lavoro<\/li>\n<li>La lampada UV pu\u00f2 essere posizionata sotto il supporto per manicure<\/li>\n<\/ul>\n","protected":false},"featured_media":48655,"comment_status":"closed","ping_status":"open","template":"","meta":[],"product_brand":[],"product_cat":[177,3250],"product_tag":[3385,3386,328,348],"class_list":{"0":"post-48654","1":"product","2":"type-product","3":"status-publish","4":"has-post-thumbnail","6":"product_cat-accessori","7":"product_cat-clavier","8":"product_tag-poggia-mani","9":"product_tag-poggia-mano","10":"product_tag-poggiamani","11":"product_tag-poggiamano","13":"first","14":"instock","15":"purchasable","16":"product-type-simple"},"_links":{"self":[{"href":"https:\/\/serverdedicato.lovenailsrivenditore.com\/index.php?rest_route=\/wp\/v2\/product\/48654","targetHints":{"allow":["GET"]}}],"collection":[{"href":"https:\/\/serverdedicato.lovenailsrivenditore.com\/index.php?rest_route=\/wp\/v2\/product"}],"about":[{"href":"https:\/\/serverdedicato.lovenailsrivenditore.com\/index.php?rest_route=\/wp\/v2\/types\/product"}],"replies":[{"embeddable":true,"href":"https:\/\/serverdedicato.lovenailsrivenditore.com\/index.php?rest_route=%2Fwp%2Fv2%2Fcomments&post=48654"}],"wp:featuredmedia":[{"embeddable":true,"href":"https:\/\/serverdedicato.lovenailsrivenditore.com\/index.php?rest_route=\/wp\/v2\/media\/48655"}],"wp:attachment":[{"href":"https:\/\/serverdedicato.lovenailsrivenditore.com\/index.php?rest_route=%2Fwp%2Fv2%2Fmedia&parent=48654"}],"wp:term":[{"taxonomy":"product_brand","embeddable":true,"href":"https:\/\/serverdedicato.lovenailsrivenditore.com\/index.php?rest_route=%2Fwp%2Fv2%2Fproduct_brand&post=48654"},{"taxonomy":"product_cat","embeddable":true,"href":"https:\/\/serverdedicato.lovenailsrivenditore.com\/index.php?rest_route=%2Fwp%2Fv2%2Fproduct_cat&post=48654"},{"taxonomy":"product_tag","embeddable":true,"href":"https:\/\/serverdedicato.lovenailsrivenditore.com\/index.php?rest_route=%2Fwp%2Fv2%2Fproduct_tag&post=48654"}],"curies":[{"name":"wp","href":"https:\/\/api.w.org\/{rel}","templated":true}]}}