{"id":48748,"date":"2026-04-01T13:28:01","date_gmt":"2026-04-01T11:28:01","guid":{"rendered":"https:\/\/serverdedicato.lovenailsrivenditore.com\/?product=molly-nails-builder-gel-self-leveling-french-pink-50gr"},"modified":"2026-04-20T18:27:20","modified_gmt":"2026-04-20T16:27:20","slug":"molly-nails-builder-gel-self-leveling-french-pink-50gr","status":"publish","type":"product","link":"https:\/\/serverdedicato.lovenailsrivenditore.com\/?product=molly-nails-builder-gel-self-leveling-french-pink-50gr","title":{"rendered":"MOLLY NAILS &#8211; BUILDER GEL- SELF LEVELING -FRENCH PINK &#8211; 50gr"},"content":{"rendered":"<p><strong>Il gel autolivellante Molly Nails \u00e8<\/strong>\u00a0<strong>un gel monofasico, a densit\u00e0 media<\/strong>\u00a0e alta stabilit\u00e0.<\/p>\n<p>La\u00a0<strong>sua texture autolivellante<\/strong>\u00a0consente una\u00a0<strong>modellazione precisa delle unghie<\/strong> e una finitura estetica senza limatura eccessiva.<\/p>\n<p>Il prodotto \u00e8\u00a0<strong>stabile,<\/strong> non allaga le cuticole e permette la pinzatura in <strong>10-15<\/strong> <strong>\u00a0secondi.<\/strong><\/p>\n<p><strong>Una copertura dell&#8217;85-99%<\/strong>\u00a0funziona bene nel mascherare le imperfezioni delle piastrelle, fornendo un effetto naturale o completamente coperto.<\/p>\n<p>Per\u00a0<strong>una piastra unghiale sottile e flessibile<\/strong>, consigliamo di usare\u00a0<strong>una base abrasiva<\/strong>\u00a0o di applicare\u00a0<strong>uno strato sottile di gel<\/strong>\u00a0come primer per aumentare l&#8217;adesione.<\/p>\n<p><strong>Funzioner\u00e0 bene per:<\/strong><\/p>\n<ul>\n<li>Allungamenti con dual form e nail form<\/li>\n<li>Correzione rapida dello stile<\/li>\n<li>Modellazione e costruzione dell&#8217;architettura corretta<\/li>\n<li>Rinforzo della lamina naturale<\/li>\n<li>lavorare senza limatura<\/li>\n<li>per il lavoro quotidiano in salone,<\/li>\n<li>stilizzazioni che richiedono durabilit\u00e0, precisione e un effetto finale estetico<\/li>\n<\/ul>\n","protected":false},"excerpt":{"rendered":"<section id=\"projector_productname\" class=\"product_name\">\n<div class=\"product_name__block --description\">\n<ul>\n<li>Il gel autolivellante Molly Nails \u00e8 un gel monofase, a densit\u00e0 media e alta stabilit\u00e0.<\/li>\n<\/ul>\n<\/div>\n<\/section>\n<form id=\"projector_form\" class=\"projector_details is-validated --phone --changed\" action=\"https:\/\/b2b.gnb-lab.com\/basketchange.php?type=multiproduct\" method=\"post\" data-product_id=\"29934\" data-type=\"product_item\" data-bundle_configurator=\"false\" data-price-type=\"gross\" data-product-display-type=\"multi-variant\">\n<div class=\"projector_details__wrapper\"><\/div>\n<\/form>\n","protected":false},"featured_media":48749,"comment_status":"closed","ping_status":"open","template":"","meta":[],"product_brand":[],"product_cat":[225,224,223,81],"product_tag":[227,2809,229],"class_list":{"0":"post-48748","1":"product","2":"type-product","3":"status-publish","4":"has-post-thumbnail","6":"product_cat-costruttori-molly-lac","7":"product_cat-costruttori","8":"product_cat-gel-uv","9":"product_cat-molly-lac","10":"product_tag-costruttore","11":"product_tag-gel-autolivellante","12":"product_tag-monofasico","14":"first","15":"instock","16":"purchasable","17":"product-type-simple"},"_links":{"self":[{"href":"https:\/\/serverdedicato.lovenailsrivenditore.com\/index.php?rest_route=\/wp\/v2\/product\/48748","targetHints":{"allow":["GET"]}}],"collection":[{"href":"https:\/\/serverdedicato.lovenailsrivenditore.com\/index.php?rest_route=\/wp\/v2\/product"}],"about":[{"href":"https:\/\/serverdedicato.lovenailsrivenditore.com\/index.php?rest_route=\/wp\/v2\/types\/product"}],"replies":[{"embeddable":true,"href":"https:\/\/serverdedicato.lovenailsrivenditore.com\/index.php?rest_route=%2Fwp%2Fv2%2Fcomments&post=48748"}],"wp:featuredmedia":[{"embeddable":true,"href":"https:\/\/serverdedicato.lovenailsrivenditore.com\/index.php?rest_route=\/wp\/v2\/media\/48749"}],"wp:attachment":[{"href":"https:\/\/serverdedicato.lovenailsrivenditore.com\/index.php?rest_route=%2Fwp%2Fv2%2Fmedia&parent=48748"}],"wp:term":[{"taxonomy":"product_brand","embeddable":true,"href":"https:\/\/serverdedicato.lovenailsrivenditore.com\/index.php?rest_route=%2Fwp%2Fv2%2Fproduct_brand&post=48748"},{"taxonomy":"product_cat","embeddable":true,"href":"https:\/\/serverdedicato.lovenailsrivenditore.com\/index.php?rest_route=%2Fwp%2Fv2%2Fproduct_cat&post=48748"},{"taxonomy":"product_tag","embeddable":true,"href":"https:\/\/serverdedicato.lovenailsrivenditore.com\/index.php?rest_route=%2Fwp%2Fv2%2Fproduct_tag&post=48748"}],"curies":[{"name":"wp","href":"https:\/\/api.w.org\/{rel}","templated":true}]}}