{"id":49100,"date":"2026-04-07T10:08:10","date_gmt":"2026-04-07T08:08:10","guid":{"rendered":"https:\/\/serverdedicato.lovenailsrivenditore.com\/?product=kodi-%c2%96-builder-modeling-gel-pastel-n-01-%c2%96-30ml"},"modified":"2026-04-20T18:32:44","modified_gmt":"2026-04-20T16:32:44","slug":"kodi-%c2%96-builder-modeling-gel-pastel-n-01-%c2%96-30ml","status":"publish","type":"product","link":"https:\/\/serverdedicato.lovenailsrivenditore.com\/?product=kodi-%c2%96-builder-modeling-gel-pastel-n-01-%c2%96-30ml","title":{"rendered":"KODI \u0096 BUILDER MODELING GEL PASTEL n.01 \u0096 30ml"},"content":{"rendered":"<p><span dir=\"auto\">Pastel Gel del famoso marchio internazionale Kodi Professional \u00e8 una nuova linea di gel colorati per modellare in delicate tonalit\u00e0 pastello. Adatto sia ai principianti che alle artiste pi\u00f9 esperte.<\/span><\/p>\n<p>Il colore 01 \u00e8 rosa pastello, simile ai petali di fiore. Il pi\u00f9 possibile simile al colore naturale.<\/p>\n<p><span dir=\"auto\">Il gel pu\u00f2 essere utilizzato per modellare, rinforzare e correggere le unghie. Fa parte di un sistema trifasico. Il prodotto ha una consistenza mediamente viscosa e ottime propriet\u00e0 autolivellanti. Adatto per lavori con la tecnica \u201cno filing\u201d. Non si restringe dopo la polimerizzazione.<\/span><\/p>\n","protected":false},"excerpt":{"rendered":"<p><span dir=\"auto\">Pastel Gel del famoso marchio internazionale Kodi Professional \u00e8 una nuova linea di gel colorati per modellare in delicate tonalit\u00e0 pastello. Adatto sia ai principianti che alle artiste pi\u00f9 esperte.<\/span><\/p>\n<p>Il colore 01 \u00e8 rosa pastello, simile ai petali di fiore. Il pi\u00f9 possibile simile al colore naturale.<\/p>\n<p><span dir=\"auto\">Il gel pu\u00f2 essere utilizzato per modellare, rinforzare e correggere le unghie. Fa parte di un sistema trifasico. Il prodotto ha una consistenza mediamente viscosa e ottime propriet\u00e0 autolivellanti. Adatto per lavori con la tecnica \u201cno filing\u201d. Non si restringe dopo la polimerizzazione.<\/span><\/p>\n","protected":false},"featured_media":49101,"comment_status":"closed","ping_status":"open","template":"","meta":[],"product_brand":[],"product_cat":[2662,224,223,2627],"product_tag":[2390,550,3404],"class_list":{"0":"post-49100","1":"product","2":"type-product","3":"status-publish","4":"has-post-thumbnail","6":"product_cat-costruttori-kodi","7":"product_cat-costruttori","8":"product_cat-gel-uv","9":"product_cat-kodi","10":"product_tag-pastel","11":"product_tag-pastello","12":"product_tag-rosa-pastello","14":"first","15":"instock","16":"shipping-taxable","17":"purchasable","18":"product-type-simple"},"_links":{"self":[{"href":"https:\/\/serverdedicato.lovenailsrivenditore.com\/index.php?rest_route=\/wp\/v2\/product\/49100","targetHints":{"allow":["GET"]}}],"collection":[{"href":"https:\/\/serverdedicato.lovenailsrivenditore.com\/index.php?rest_route=\/wp\/v2\/product"}],"about":[{"href":"https:\/\/serverdedicato.lovenailsrivenditore.com\/index.php?rest_route=\/wp\/v2\/types\/product"}],"replies":[{"embeddable":true,"href":"https:\/\/serverdedicato.lovenailsrivenditore.com\/index.php?rest_route=%2Fwp%2Fv2%2Fcomments&post=49100"}],"wp:featuredmedia":[{"embeddable":true,"href":"https:\/\/serverdedicato.lovenailsrivenditore.com\/index.php?rest_route=\/wp\/v2\/media\/49101"}],"wp:attachment":[{"href":"https:\/\/serverdedicato.lovenailsrivenditore.com\/index.php?rest_route=%2Fwp%2Fv2%2Fmedia&parent=49100"}],"wp:term":[{"taxonomy":"product_brand","embeddable":true,"href":"https:\/\/serverdedicato.lovenailsrivenditore.com\/index.php?rest_route=%2Fwp%2Fv2%2Fproduct_brand&post=49100"},{"taxonomy":"product_cat","embeddable":true,"href":"https:\/\/serverdedicato.lovenailsrivenditore.com\/index.php?rest_route=%2Fwp%2Fv2%2Fproduct_cat&post=49100"},{"taxonomy":"product_tag","embeddable":true,"href":"https:\/\/serverdedicato.lovenailsrivenditore.com\/index.php?rest_route=%2Fwp%2Fv2%2Fproduct_tag&post=49100"}],"curies":[{"name":"wp","href":"https:\/\/api.w.org\/{rel}","templated":true}]}}