{"id":49471,"date":"2026-04-10T14:30:03","date_gmt":"2026-04-10T12:30:03","guid":{"rendered":"https:\/\/serverdedicato.lovenailsrivenditore.com\/?product=kodi-cheratolitico-per-uso-locale-100ml"},"modified":"2026-04-20T18:38:24","modified_gmt":"2026-04-20T16:38:24","slug":"kodi-cheratolitico-per-uso-locale-100ml","status":"publish","type":"product","link":"https:\/\/serverdedicato.lovenailsrivenditore.com\/?product=kodi-cheratolitico-per-uso-locale-100ml","title":{"rendered":"KODI &#8211; CHERATOLITICO PER USO LOCALE &#8211; 100ml"},"content":{"rendered":"<div>In caso di ipercheratosi, \u00e8 particolarmente importante prendersi cura della pelle, eliminando rapidamente la ruvidit\u00e0. Il Local Action Cheratolytic Gel del marchio internazionale Kodi Professional ti aiuter\u00e0 a gestire questo compito e a ripristinare morbidezza e setosit\u00e0 ai tuoi piedi.<\/div>\n<div><\/div>\n<div>Un complesso speciale di componenti alcalini, in concentrazione ottimale, agisce intensamente sull&#8217;epitelio morto, ammorbidisce e aiuta a rimuovere le imperfezioni dermatologiche. Il gel \u00e8 facile da applicare e distribuire, e ha un consumo economico. Il prodotto aumenta inoltre l&#8217;elasticit\u00e0 della pelle e ne accelera la rigenerazione.<\/div>\n<div><\/div>\n<div><span><strong>Composizione:\u00a0<\/strong>acqua, glicerina, glicole propilenico, copolimero di acrilati, idrossido di potassio, profumo.<\/span><\/div>\n<div><\/div>\n<div><span><strong>Come utilizzare:\u00a0<\/strong>applica il prodotto su un panno senza pelucchi e applica sulla zona che necessita di cura, evitando il contatto con le zone sane della pelle. Aspetta 5-10 minuti, tratta le aree problematiche con una lima per pedicure (con carta vetrata) o una macchina per pedicure. Dopo aver completato la procedura, risciacqua il prodotto con acqua o tratta la pelle con un neutralizzante. Applica la crema idratante.<\/span><\/div>\n<div><\/div>\n<div><span><strong>Attenzione: indossa<\/strong>\u00a0guanti di gomma. Solo per uso esterno. Tieni lontano i bambini. Non usare su aree di pelle con crepe e ferite. Non permettere al prodotto di entrare in contatto con occhi, mani o viso. Dopo il lavoro, lavati bene le mani con il sapone.<\/span><\/div>\n<div class=\"wrap-hidden-text-link\">\n<div data-text=\"\u0427\u0438\u0442\u0430\u0442\u044c \u043f\u043e\u043b\u043d\u043e\u0441\u0442\u044c\u044e\">Crollo<\/div>\n<\/div>\n","protected":false},"excerpt":{"rendered":"<div>In caso di ipercheratosi, \u00e8 particolarmente importante prendersi cura della pelle, eliminando rapidamente la ruvidit\u00e0. Il Local Action Cheratolytic Gel del marchio internazionale Kodi Professional ti aiuter\u00e0 a gestire questo compito e a ripristinare morbidezza e setosit\u00e0 ai tuoi piedi.<\/div>\n<div><\/div>\n<div>Un complesso speciale di componenti alcalini, in concentrazione ottimale, agisce intensamente sull&#8217;epitelio morto, ammorbidisce e aiuta a rimuovere le imperfezioni dermatologiche. Il gel \u00e8 facile da applicare e distribuire, e ha un consumo economico. Il prodotto aumenta inoltre l&#8217;elasticit\u00e0 della pelle e ne accelera la rigenerazione.<\/div>\n","protected":false},"featured_media":49472,"comment_status":"closed","ping_status":"open","template":"","meta":[],"product_brand":[],"product_cat":[2627,3416],"product_tag":[2918,494],"class_list":{"0":"post-49471","1":"product","2":"type-product","3":"status-publish","4":"has-post-thumbnail","6":"product_cat-kodi","7":"product_cat-pedicure","8":"product_tag-cheratolitico","9":"product_tag-pedicure","11":"first","12":"instock","13":"shipping-taxable","14":"purchasable","15":"product-type-simple"},"_links":{"self":[{"href":"https:\/\/serverdedicato.lovenailsrivenditore.com\/index.php?rest_route=\/wp\/v2\/product\/49471","targetHints":{"allow":["GET"]}}],"collection":[{"href":"https:\/\/serverdedicato.lovenailsrivenditore.com\/index.php?rest_route=\/wp\/v2\/product"}],"about":[{"href":"https:\/\/serverdedicato.lovenailsrivenditore.com\/index.php?rest_route=\/wp\/v2\/types\/product"}],"replies":[{"embeddable":true,"href":"https:\/\/serverdedicato.lovenailsrivenditore.com\/index.php?rest_route=%2Fwp%2Fv2%2Fcomments&post=49471"}],"wp:featuredmedia":[{"embeddable":true,"href":"https:\/\/serverdedicato.lovenailsrivenditore.com\/index.php?rest_route=\/wp\/v2\/media\/49472"}],"wp:attachment":[{"href":"https:\/\/serverdedicato.lovenailsrivenditore.com\/index.php?rest_route=%2Fwp%2Fv2%2Fmedia&parent=49471"}],"wp:term":[{"taxonomy":"product_brand","embeddable":true,"href":"https:\/\/serverdedicato.lovenailsrivenditore.com\/index.php?rest_route=%2Fwp%2Fv2%2Fproduct_brand&post=49471"},{"taxonomy":"product_cat","embeddable":true,"href":"https:\/\/serverdedicato.lovenailsrivenditore.com\/index.php?rest_route=%2Fwp%2Fv2%2Fproduct_cat&post=49471"},{"taxonomy":"product_tag","embeddable":true,"href":"https:\/\/serverdedicato.lovenailsrivenditore.com\/index.php?rest_route=%2Fwp%2Fv2%2Fproduct_tag&post=49471"}],"curies":[{"name":"wp","href":"https:\/\/api.w.org\/{rel}","templated":true}]}}