{"id":8166,"date":"2023-01-20T10:16:04","date_gmt":"2023-01-20T09:16:04","guid":{"rendered":"https:\/\/serverdedicato.lovenailsrivenditore.com\/?product=porcelain-sparkle-gel-laskovska-natural-pink-50ml-molly-lac"},"modified":"2026-04-17T19:07:28","modified_gmt":"2026-04-17T17:07:28","slug":"porcelain-sparkle-gel-laskovska-natural-pink-50ml-molly-lac","status":"publish","type":"product","link":"https:\/\/serverdedicato.lovenailsrivenditore.com\/?product=porcelain-sparkle-gel-laskovska-natural-pink-50ml-molly-lac","title":{"rendered":"Porcelain Sparkle Gel LASKOVSKA Natural Pink 50ml Molly Lac"},"content":{"rendered":"<p><strong>Un gel forte<\/strong> per ricostruire, estendere o integrare lo styling con il metodo gel. Un costruttore trifasico! \u00c8 caratterizzato da durezza, durata e versatilit\u00e0.\u00a0Le particelle contenute nel gel gli conferiscono una luminosit\u00e0 scintillante e ti consentono di ottenere una bella manicure senza la necessit\u00e0 di utilizzare colori.<\/p>\n<p><strong>Il gel<\/strong>\u00a0sar\u00e0 la scelta migliore per unghie fragili, sottili o esigenti.\u00a0Il lavoro confortevole, la preparazione rapida e l&#8217;aspetto sano del gel garantiscono la soddisfazione del cliente, nonch\u00e9 la praticit\u00e0 e la velocit\u00e0 della manicure. Puoi usarlo quando lavori con una lamina ungueale naturale, fragile o per le estensioni.<\/p>\n<p>La formula multidimensionale del prodotto ti consente di goderti i colori delicati che mascherano i difetti della lamina ungueale naturale. La nota di particelle contenute nel gel non \u00e8 esagerata, brilla con grazia e senza un&#8217;immagine invadente!\u00a0Luccicante da vicino &#8211; uniforme da lontano!<\/p>\n<p>Il gel si distingue per l&#8217;eleganza e la durata della vera porcellana.<\/p>\n<p><strong>Perch\u00e9 devi averlo?<\/strong><\/p>\n<ul>\n<li>Il gel non si spezza quando viene rimosso dal contenitore.<\/li>\n<li>Strofina una base aggrappante al di sotto.<\/li>\n<li>Il gel \u00e8 adatto per allungare e costruire le unghie.<\/li>\n<li>Il gel si armonizza con il calore della mano, che facilita il rapido livellamento del prodotto. (non \u00e8 molto autolivellante)<\/li>\n<li>Apparentemente denso.<\/li>\n<li>Riduce il tempo di lavoro fino a 1\/3 della manicure.<\/li>\n<li>Il gel accelera notevolmente i tempi di recupero.<\/li>\n<li>Ha una consistenza e propriet\u00e0 ideali per creare scheletri di unghie estremi.<\/li>\n<\/ul>\n","protected":false},"excerpt":{"rendered":"<p><strong>Un gel forte<\/strong> per ricostruire, estendere o integrare lo styling con il metodo gel. Un costruttore trifasico! \u00c8 caratterizzato da durezza, durata e versatilit\u00e0.\u00a0Le particelle contenute nel gel gli conferiscono una luminosit\u00e0 scintillante e ti consentono di ottenere una bella manicure senza la necessit\u00e0 di utilizzare colori.<\/p>\n","protected":false},"featured_media":8160,"comment_status":"closed","ping_status":"open","template":"","meta":[],"product_brand":[],"product_cat":[225,224,223,81],"product_tag":[227,75,346,84,1204,1205,1108,723],"class_list":{"0":"post-8166","1":"product","2":"type-product","3":"status-publish","4":"has-post-thumbnail","6":"product_cat-costruttori-molly-lac","7":"product_cat-costruttori","8":"product_cat-gel-uv","9":"product_cat-molly-lac","10":"product_tag-costruttore","11":"product_tag-gel","12":"product_tag-led","13":"product_tag-molly-lac","14":"product_tag-porcelain","15":"product_tag-sparkle","16":"product_tag-trifasico","17":"product_tag-uv","19":"first","20":"instock","21":"shipping-taxable","22":"purchasable","23":"product-type-simple"},"_links":{"self":[{"href":"https:\/\/serverdedicato.lovenailsrivenditore.com\/index.php?rest_route=\/wp\/v2\/product\/8166","targetHints":{"allow":["GET"]}}],"collection":[{"href":"https:\/\/serverdedicato.lovenailsrivenditore.com\/index.php?rest_route=\/wp\/v2\/product"}],"about":[{"href":"https:\/\/serverdedicato.lovenailsrivenditore.com\/index.php?rest_route=\/wp\/v2\/types\/product"}],"replies":[{"embeddable":true,"href":"https:\/\/serverdedicato.lovenailsrivenditore.com\/index.php?rest_route=%2Fwp%2Fv2%2Fcomments&post=8166"}],"wp:featuredmedia":[{"embeddable":true,"href":"https:\/\/serverdedicato.lovenailsrivenditore.com\/index.php?rest_route=\/wp\/v2\/media\/8160"}],"wp:attachment":[{"href":"https:\/\/serverdedicato.lovenailsrivenditore.com\/index.php?rest_route=%2Fwp%2Fv2%2Fmedia&parent=8166"}],"wp:term":[{"taxonomy":"product_brand","embeddable":true,"href":"https:\/\/serverdedicato.lovenailsrivenditore.com\/index.php?rest_route=%2Fwp%2Fv2%2Fproduct_brand&post=8166"},{"taxonomy":"product_cat","embeddable":true,"href":"https:\/\/serverdedicato.lovenailsrivenditore.com\/index.php?rest_route=%2Fwp%2Fv2%2Fproduct_cat&post=8166"},{"taxonomy":"product_tag","embeddable":true,"href":"https:\/\/serverdedicato.lovenailsrivenditore.com\/index.php?rest_route=%2Fwp%2Fv2%2Fproduct_tag&post=8166"}],"curies":[{"name":"wp","href":"https:\/\/api.w.org\/{rel}","templated":true}]}}