{"id":8871,"date":"2023-03-21T22:49:29","date_gmt":"2023-03-21T21:49:29","guid":{"rendered":"https:\/\/serverdedicato.lovenailsrivenditore.com\/?product=77-the-dead-sea-10ml-molly-lac"},"modified":"2026-04-17T19:12:48","modified_gmt":"2026-04-17T17:12:48","slug":"77-the-dead-sea-10ml-molly-lac","status":"publish","type":"product","link":"https:\/\/serverdedicato.lovenailsrivenditore.com\/?product=77-the-dead-sea-10ml-molly-lac","title":{"rendered":"77 The Dead Sea 10ml Molly Lac"},"content":{"rendered":"<p><strong>Scegli l\u2019eccezionale qualit\u00e0 degli smalti ibridi Molly Lac<\/strong><\/p>\n<ul>\n<li>1 strato di copertura<\/li>\n<li>\u00a0consistenza perfetta<\/li>\n<li>pigmentazione perfetta<\/li>\n<li>durata fino a 4 settimane<\/li>\n<li>senza formaldeide, DBP e toluene<\/li>\n<li>solubile in liquidi a base di acetone (soak off system)<\/li>\n<\/ul>\n<p>77 \u00e8 un turchese intenso, che doner\u00e0 gioia e serenit\u00e0 alle tue giornate!<\/p>\n","protected":false},"excerpt":{"rendered":"<p>77 \u00e8 un turchese intenso, che doner\u00e0 gioia e serenit\u00e0 alle tue giornate!<\/p>\n","protected":false},"featured_media":8872,"comment_status":"closed","ping_status":"open","template":"","meta":[],"product_brand":[],"product_cat":[24,82,81,83],"product_tag":[26,84,86,964],"class_list":{"0":"post-8871","1":"product","2":"type-product","3":"status-publish","4":"has-post-thumbnail","6":"product_cat-colori","7":"product_cat-colori-semipermanente","8":"product_cat-molly-lac","9":"product_cat-semipermanenti","10":"product_tag-colore","11":"product_tag-molly-lac","12":"product_tag-semipermanente","13":"product_tag-turchese","15":"first","16":"instock","17":"shipping-taxable","18":"purchasable","19":"product-type-simple"},"_links":{"self":[{"href":"https:\/\/serverdedicato.lovenailsrivenditore.com\/index.php?rest_route=\/wp\/v2\/product\/8871","targetHints":{"allow":["GET"]}}],"collection":[{"href":"https:\/\/serverdedicato.lovenailsrivenditore.com\/index.php?rest_route=\/wp\/v2\/product"}],"about":[{"href":"https:\/\/serverdedicato.lovenailsrivenditore.com\/index.php?rest_route=\/wp\/v2\/types\/product"}],"replies":[{"embeddable":true,"href":"https:\/\/serverdedicato.lovenailsrivenditore.com\/index.php?rest_route=%2Fwp%2Fv2%2Fcomments&post=8871"}],"wp:featuredmedia":[{"embeddable":true,"href":"https:\/\/serverdedicato.lovenailsrivenditore.com\/index.php?rest_route=\/wp\/v2\/media\/8872"}],"wp:attachment":[{"href":"https:\/\/serverdedicato.lovenailsrivenditore.com\/index.php?rest_route=%2Fwp%2Fv2%2Fmedia&parent=8871"}],"wp:term":[{"taxonomy":"product_brand","embeddable":true,"href":"https:\/\/serverdedicato.lovenailsrivenditore.com\/index.php?rest_route=%2Fwp%2Fv2%2Fproduct_brand&post=8871"},{"taxonomy":"product_cat","embeddable":true,"href":"https:\/\/serverdedicato.lovenailsrivenditore.com\/index.php?rest_route=%2Fwp%2Fv2%2Fproduct_cat&post=8871"},{"taxonomy":"product_tag","embeddable":true,"href":"https:\/\/serverdedicato.lovenailsrivenditore.com\/index.php?rest_route=%2Fwp%2Fv2%2Fproduct_tag&post=8871"}],"curies":[{"name":"wp","href":"https:\/\/api.w.org\/{rel}","templated":true}]}}