{"id":9728,"date":"2023-04-07T14:43:54","date_gmt":"2023-04-07T12:43:54","guid":{"rendered":"https:\/\/serverdedicato.lovenailsrivenditore.com\/?product=coliber-effect-02-allepaznokcie"},"modified":"2026-04-17T19:20:31","modified_gmt":"2026-04-17T17:20:31","slug":"coliber-effect-02-allepaznokcie","status":"publish","type":"product","link":"https:\/\/serverdedicato.lovenailsrivenditore.com\/?product=coliber-effect-02-allepaznokcie","title":{"rendered":"Coliber Effect 02 Allepaznokcie"},"content":{"rendered":"<p>Polvere effetto zucchero tridimensionale!<\/p>\n<p>L&#8217;alternanza di glitter sottili e un po&#8217; pi\u00f9 spessi regaler\u00e0 particolarit\u00e0 alla tua nail art.<\/p>\n<p>Cosa aspetti? Avrai un prodotto unico nel suo genere!<\/p>\n","protected":false},"excerpt":{"rendered":"<p>Polvere effetto zucchero tridimensionale! L&#8217;alternanza di glitter sottili e un po&#8217; pi\u00f9 spessi regaler\u00e0 particolarit\u00e0 alla tua nail art. Cosa aspetti? Avrai un prodotto unico nel suo genere!<\/p>\n","protected":false},"featured_media":9729,"comment_status":"closed","ping_status":"open","template":"","meta":[],"product_brand":[],"product_cat":[35,514],"product_tag":[252,516,350],"class_list":{"0":"post-9728","1":"product","2":"type-product","3":"status-publish","4":"has-post-thumbnail","6":"product_cat-decorazioni","7":"product_cat-glitter","8":"product_tag-allepaznokcie","9":"product_tag-effetto-zucchero","10":"product_tag-glitter","12":"first","13":"instock","14":"shipping-taxable","15":"purchasable","16":"product-type-simple"},"_links":{"self":[{"href":"https:\/\/serverdedicato.lovenailsrivenditore.com\/index.php?rest_route=\/wp\/v2\/product\/9728","targetHints":{"allow":["GET"]}}],"collection":[{"href":"https:\/\/serverdedicato.lovenailsrivenditore.com\/index.php?rest_route=\/wp\/v2\/product"}],"about":[{"href":"https:\/\/serverdedicato.lovenailsrivenditore.com\/index.php?rest_route=\/wp\/v2\/types\/product"}],"replies":[{"embeddable":true,"href":"https:\/\/serverdedicato.lovenailsrivenditore.com\/index.php?rest_route=%2Fwp%2Fv2%2Fcomments&post=9728"}],"wp:featuredmedia":[{"embeddable":true,"href":"https:\/\/serverdedicato.lovenailsrivenditore.com\/index.php?rest_route=\/wp\/v2\/media\/9729"}],"wp:attachment":[{"href":"https:\/\/serverdedicato.lovenailsrivenditore.com\/index.php?rest_route=%2Fwp%2Fv2%2Fmedia&parent=9728"}],"wp:term":[{"taxonomy":"product_brand","embeddable":true,"href":"https:\/\/serverdedicato.lovenailsrivenditore.com\/index.php?rest_route=%2Fwp%2Fv2%2Fproduct_brand&post=9728"},{"taxonomy":"product_cat","embeddable":true,"href":"https:\/\/serverdedicato.lovenailsrivenditore.com\/index.php?rest_route=%2Fwp%2Fv2%2Fproduct_cat&post=9728"},{"taxonomy":"product_tag","embeddable":true,"href":"https:\/\/serverdedicato.lovenailsrivenditore.com\/index.php?rest_route=%2Fwp%2Fv2%2Fproduct_tag&post=9728"}],"curies":[{"name":"wp","href":"https:\/\/api.w.org\/{rel}","templated":true}]}}